= 11*w - 7. Let x(r) = -5*r + 3. Let u(j) = -9*x(j) - 4*y(j). Let k(i) = i**2 - 10*i + 20. Let c be k(8). What is u(c)?
5
Let q(g) = -g**2 - 4*g + 6. Let m be q(-4). Let n(x) = 3 + 3 + x**2 - 8*x + 2*x. What is n(m)?
6
Let n(s) = 5*s + 2. Let l(v) = -v**3 - 23*v**2 - 2. Let w be l(-23). Give n(w).
-8
Let o(l) be the second derivative of -l**3/3 - 4*l. Let n be (-26)/10 + (-2)/5. Let i(v) = -5*v. Let y(h) = n*i(h) + 7*o(h). What is y(-3)?
-3
Let u(l) be the first derivative of l**3/3 - 2*l**2 + 3*l - 9. Calculate u(2).
-1
Let z(j) = -2*j**2 + 15*j + 6. Let f be z(8). Let x(m) = -m + 2. Give x(f).
4
Let o be (0 + -2 + 1)*3. Let s be (12/(-8))/(o/(-4)). Let c(m) = m**3 + m**2 + m. Calculate c(s).
-6
Let k be (-4)/(-8)*(8 + -2). Let m(y) = k*y**2 + 44 - 44 + y**3 + 3*y. Suppose g - 2*g = 2. Determine m(g).
-2
Let l be (-4)/38 + 156/38. Let i(t) = 2*t - 2. Determine i(l).
6
Let x(a) be the first derivative of -1/2*a**2 - 1 + 0*a. Suppose 409*k = 402*k + 14. Determine x(k).
-2
Let y = -21 + 15. Let d be y/(10/(-4) - -1). Let j(s) = 5*s**2 - 4*s - 3. Let g(c) = -c**2 + c + 1. Let b(h) = -6*g(h) - j(h). Give b(d).
5
Let f(t) = -t - 4. Let a be -9*3/(-18)*-2. Determine f(a).
-1
Suppose -u - 28 = 3*u. Let c = 7 + u. Let a(k) = k**2 + k - 1. What is a(c)?
-1
Suppose j = 2*j - 2. Let z(o) = o - 2*o + 8 - j*o + o. Give z(6).
-4
Let g(a) = -a**2 + a - 1. Suppose -3*n + 8*n - 2 = p, -4*n + 7 = p. Let u be g(n). Let h(y) = 143*y + 1 - 2 - 144*y. Determine h(u).
0
Let v(r) = -r + 6. Let u(x) = -x. Let b be u(0). Let s be 1 + 0/(2 - b). Let n = s - 1. Calculate v(n).
6
Let z(s) = 1. Let g(w) = 6*w. Let b(q) = g(q) + z(q). Give b(1).
7
Let g = -36 + 43. Let a(j) = j**3 - 6*j**2 - 8*j + 7. Determine a(g).
0
Let a(t) = -1 + 7*t - 3*t - 14*t. Calculate a(1).
-11
Let o(c) = c - 2. Let u be o(4). Let d(q) be the first derivative of 5 + 3/2*q**2 - 4/3*q**3 - 3*q + 1/4*q**4. Calculate d(u).
-5
Let j(w) = -w**2 - 11*w + 14. Let t be j(-12). Let g(p) = -6*p - t - 11 + 11. Let b = 1 - 3. What is g(b)?
10
Let p(a) = a + 7*a + 2 - 3 - 1 - a**2. Calculate p(8).
-2
Let j = 65 + -64. Let f(g) = 5*g**2 - 2*g + 1. Calculate f(j).
4
Let s(u) = 6*u - 4. Let y(k) = -k. Let t(x) = -s(x) - 2*y(x). Suppose d - 6*d - 17 = 2*c, -5*c - 4*d = 0. Suppose -4*b + 8 = -c. Determine t(b).
-8
Let t(u) = u**3 + 6*u**2 - u - 4. Let i be t(-6). Let n = i + 0. Let z(m) = -3*m + m**3 + 4*m - 5*m**3 - 2*m**n. Determine z(1).
-5
Let a(l) be the first derivative of 1 + 3/2*l**2 + 4*l. Suppose 5*b + 10 = -5. Calculate a(b).
-5
Let o(b) = b**3 + 10*b**2 + 7*b - 11. Let t(v) = -3*v**3 - 31*v**2 - 22*v + 34. Let h(w) = 7*o(w) + 2*t(w). Determine h(-7).
5
Let h(d) = 154*d**3 + 3 - 74*d**3 - 79*d**3. Let m be 2/(-6) + 1/3. What is h(m)?
3
Let z(n) be the second derivative of -1/24*n**4 - 1/3*n**3 + 0 + 0*n**2 + 2*n - 1/20*n**5. Let r(d) be the second derivative of z(d). Give r(1).
-7
Let u(x) = 7*x**3 - x**2 - 2*x + 2. Let z be u(1). Let g(c) = c**2 - 5*c - 4. Determine g(z).
2
Let i(d) = -5*d**3 + 3 + 6*d**3 + 4*d + d + 5*d**2. Let a be i(-3). Let k = 5 - a. Let c(f) = -3*f**2 + 2*f + 1. What is c(k)?
-4
Suppose 0*r = 5*a - 3*r - 3, -15 = -a - 3*r. Let s(p) = 7 + a*p**2 - 6 - p**3 + 0*p + 3*p. What is s(4)?
-3
Let q(t) = -t**3 - 5*t**2 - 5*t - 2. Let b = 0 + 2. Suppose 9 = -b*m - m. What is q(m)?
-5
Let s be (-3)/9*3*9. Let k = 15 + s. Let a(q) = -q**3 + 5*q**2 + 6*q + 4. Determine a(k).
4
Suppose -p - i = -5, -25 = 4*p - 5*p + 4*i. Let x = 3 - p. Let d(y) = y**3 + 6*y**2 + y - 1. Determine d(x).
-7
Let n(z) = z**3 + 5*z**2 + 2*z + 5. Suppose 0 = 4*c - 2*y - 34, 2 + 27 = 4*c - y. Let s(f) = 1 + 5*f**2 + c + f**3 - 6 - 5*f. Let w be s(-6). Calculate n(w).
-5
Let b(t) = -t**2 - 10*t + 1. Let k(a) = -a**2 - 11*a + 2. Let y(l) = -6*b(l) + 5*k(l). Determine y(-6).
10
Let d(x) = x**2 + 2*x + 1. Let h(u) = -u - 1. Let y be h(0). Let o be d(y). Let f = o + 1. Let m(n) = -n**3 + n - 1. Calculate m(f).
-1
Suppose b - 2 = -0*b. Let u(k) be the third derivative of 1/8*k**4 + 0 + 0*k + 3*k**b + 1/3*k**3 + 1/30*k**5. Calculate u(-2).
4
Let n(o) = -o**2 + o + 5. Let g be n(4). Let r(c) = 3*c**3 - 13*c**2 + 4*c + 10. Let z(m) = -m**3 + 4*m**2 - m - 3. Let s(u) = g*z(u) - 2*r(u). Calculate s(3).
7
Suppose 3*y + 15 = 8*y. Let i(x) = x**3 + 3*x - 6*x**2 - x**3 - 3 + 3*x**2 - x**y. Calculate i(-3).
-12
Let k(n) be the second derivative of 19*n**4/12 - n**2/2 - 5*n. Determine k(-1).
18
Let i(v) = 5*v**3 - 5*v**2 - 7*v - 5. Let a(n) = -4*n**3 + 5*n**2 + 6*n + 4. Let t(j) = 6*a(j) + 5*i(j). Determine t(-5).
-6
Let d be 8/(-20)*(-15)/6. Let u(k) be the third derivative of -k**6/20 - k**4/24 + k**3/6 - k**2. Give u(d).
-6
Let m(w) be the third derivative of w**5/60 + 5*w**4/24 - w**3/6 + 13*w**2. Determine m(-6).
5
Let v(o) = o - 3. Let j(u) = u. Let y(m) = m - 3. Let d be y(5). Let b be j(d). Give v(b).
-1
Let c be -2*5/2 + -3. Let s = c - -3. Let h(g) = g - 3. Calculate h(s).
-8
Let v(p) = 2*p**3 - 6*p**2 + p + 2. Let z(s) = s**3 - 3*s**2 + 1. Let k(a) = -3*v(a) + 7*z(a). Determine k(4).
5
Let u(x) = 9 - 10 - x + 4. Determine u(8).
-5
Let b(k) be the second derivative of 0*k**4 + 3*k - 1/2*k**2 + 0*k**3 + 1/20*k**5 + 0. Suppose 0 = -z, -5*w = -2*z - 3*z + 5. Calculate b(w).
-2
Let y = -58 - -63. Let x(h) be the second derivative of -1/12*h**4 + 1/20*h**y - 1/2*h**2 + 0 + 3*h + 1/6*h**3. Calculate x(2).
5
Suppose 3*f - 29 = 2*f + n, 0 = -f - 2*n + 29. Suppose -3*q + f = 5*s, -5*q + 41 = s - 0*s. Let x be 1/(0 + 2/q). Let z(y) = 2*y - 1. Calculate z(x).
7
Let x(w) = -2 - 2*w - 2 - 1 - 3. Suppose -30 = 2*z + 3*z. What is x(z)?
4
Let j = 3 - -2. Suppose r - 1 = 4. Suppose -r*y + 10 = 5*t, y + j*t = 5 - 15. Let h(o) = -o**3 + 4*o**2 + 5*o - 2. Determine h(y).
-2
Let k(q) = -q**3 - 5*q**2 - 6*q - 1. Let s(i) = i**2 + i - 1. Let r(g) = -k(g) - 6*s(g). Give r(0).
7
Let o(h) = 6*h**2 + h - 2. Let i(a) = -a**2 - a + 1. Let z(j) = 2*i(j) + o(j). Suppose 3*v = 7*v - 3*t - 11, -4*t = 2*v + 22. What is z(v)?
5
Suppose 4*s - 10 - 10 = 0. Suppose -5*x = r - 22, 4*x + 4 - 10 = s*r. Suppose -4*i + 3 = -g - 0, -x*g = 4*i - 28. Let a(d) = -d**2 + 5*d - 4. Give a(g).
-4
Let k(d) = 5 + 2*d**2 - d - 2 + 4*d. Let o = 560 - 562. What is k(o)?
5
Let t(w) = -w**3 - 5*w**2 + 4. Let q be (-32)/(-10) - 2/10. Suppose 4*j = 16, 3*h + 3*j + q = -0*j. Give t(h).
4
Let h(w) = 5*w**3 - 4*w**2 - 3*w - 3. Let v(o) be the first derivative of 9*o**4/4 - 7*o**3/3 - 5*o**2/2 - 5*o - 8. Let l(i) = -7*h(i) + 4*v(i). Give l(2).
11
Let o(h) = -h**3 - h**2 + 3*h + 1. Let d(f) = -1. Let t(b) = -d(b) + o(b). Let z be (-102)/48 - 3/(-24). Give t(z).
0
Let h(v) be the third derivative of v**5/30 + v**3/3 - 3*v**2. Calculate h(-2).
10
Let n = 30 + -35. Let s(f) = -f**3 - 5*f**2 + f + 7. Determine s(n).
2
Let d(b) = b - 2. Suppose -2*r - 12 = 2*r. Let f(j) = -j**3 - 4*j**2 - 4*j - 1. Let p be f(r). Suppose -p + 10 = -4*i. What is d(i)?
-4
Let l(t) = -t**2 - 13*t + 2. Let d(o) = o**2 + 12*o - 1. Let u(k) = -6*d(k) - 5*l(k). Suppose -3*z + 8*z - 15 = 4*f, 0 = 4*f - 2*z + 18. What is u(f)?
6
Let d(x) = 5*x**2 + 15*x - 15. Let c(h) = 2*h**2 + 7*h - 7. Let f be (1 - 0)/(3/9). Let z(a) = f*d(a) - 7*c(a). Calculate z(5).
9
Let w(m) = -m**2 - m + 2. Let u(f) = -f**3 - f**2 + f - 2. Let g be u(-2). Let b(x) = -x + 2. Let s be b(g). Let k = s - 0. What is w(k)?
-4
Let f(r) be the third derivative of 2/3*r**3 - 1/60*r**5 + 0 + 1/6*r**4 - 2*r**2 + 0*r. Let q = -8 + 12. Determine f(q).
4
Let q(p) = 5*p**2 - 7*p**2 - 5 + 6. Calculate q(-1).
-1
Let h = -1/8 + 13/24. Let n(d) be the second derivative of 0 - d**2 - h*d**4 - 1/20*d**5 - 2/3*d**3 - 2*d. Determine n(-3).
-8
Suppose 0 = 3*i + 1 - 16. Let n(f) be the first derivative of f**4/4 - 5*f**3/3 + f**2 + 3*f - 7. Calculate n(i).
13
Let f(p) = 5*p**3 + 5*p**2 - 4*p + 5. Let d(a) = -11*a**3 - 10*a**2 + 9*a - 11. Let h = 16 - 3. Let q(c) = h*f(c) + 6*d(c). Calculate q(5).
9
Suppose 30 = 10*p - 5*p. Let r(u) = u - 3. Determine r(p).
3
Let w(c) = c**2 - 6*c + 5. Let z(v) = v**2 - 6*v - 4. Let q be z(8). Suppose -3*a = -q - 3. What is w(a)?
0
Let w(o) = -o**3 + 3*o**2 + 2*o. Suppose -2*q = -1 - 5. Determine w(q).
6
Let a(m) be the third derivative of m**5/60 + m**4/6 - 2*m**3/3 + 3*m**2. Let j(n) be the first derivative of a(n). Determine j(3).
